1, 79
What are the prime factors of 198/(-8)*(-4)/6*(-267002)/(-51)?
11, 7853
Suppose 19*w = 23*w - 4. List the prime factors of (169*-1)/(3 + -5 + w).
13
Let x(v) = -3*v**2 + 86*v + 29. Let i be x(29). Suppose i = -42*o + 7*o + 43610. List the prime factors of o.
2, 7, 89
Suppose 5*h + 45 = -30. Let n be h/(-1) + 18/18. What are the prime factors of 412/16 + 4/n?
2, 13
Let n = -132 - -52. Let o = n + 131. Let b = 109 + o. List the prime factors of b.
2, 5
Suppose -3*f + 7196 = -1243 - 9384. List the prime factors of f.
13, 457
Suppose 5*i = 10, 1180 + 3458 = -4*u - 3*i. What are the prime factors of (u + 3)/(-6) + 6?
199
Suppose -3*v + 6*v + 4*t - 130402 = 0, v = 5*t + 43423. What are the prime factors of v?
2, 3, 7243
Suppose 547638 = 468*r + 469*r - 903*r. List the prime factors of r.
3, 7, 13, 59
Suppose -11*i - 18 - 15 = 0. Let r be -20*(2 - 4 - i - 34). Suppose 0 = 4*c - 7*y + 3*y - r, -2*y = -3*c + 492. What are the prime factors of c?
2, 3
Let u = 7 + -3. Suppose 6*z + s - 9 = u*z, 5*z = 3*s + 39. List the prime factors of (246/3 - -3) + z/3.
3, 29
Let m = -6020 + 8509. List the prime factors of m.
19, 131
Let p(m) = -m**2 - 2*m + 1. Let k be p(-4). Let y = k + 22. Let c(s) = -s**3 + 14*s**2 + 18*s + 15. List the prime factors of c(y).
2, 3, 5
Suppose p + 4*p - 3*k = -21, 2*p + 3 = 3*k. Let g be ((-60)/25)/(-1*p/135). Let b = 113 + g. List the prime factors of b.
59
Let y = 3041 + -1863. What are the prime factors of y?
2, 19, 31
Let y(t) = 15*t**2 - 7*t + 18. Let r be y(6). Let f = 1710 + -1176. Suppose -3*i = -0*i - m - r, 0 = -3*i - 5*m + f. What are the prime factors of i?
173
Suppose 0 = 3*g + 2*g - 105. List the prime factors of 3/(-7 - -4) - (-2 - g).
2, 11
Let x = 85604 - -8104. What are the prime factors of x?
2, 3, 19, 137
Let r(b) = -1649*b**3 + 4*b**2 + 2*b - 1. Let d be r(-1). Let u = d - 1148. What are the prime factors of u?
2, 251
Let m = -37 - -40. Suppose -5*l + 2*p + 1241 = 0, l + p + m*p - 257 = 0. Let s = l + -104. List the prime factors of s.
5, 29
Suppose 0 = -5*g - 37 + 12, -2*n = 4*g + 268. Let q = 14 - n. What are the prime factors of q?
2, 3, 23
Let a(c) = 5*c**2 + 4*c + 16. Let j be a(8). Suppose 0 = 2*s + 4*q + 172, 0 = s - 5*s - 2*q - j. Let w = s + 181. List the prime factors of w.
3, 29
Let o(b) = 23*b**2 - b + 5. Let w be o(15). What are the prime factors of w*14/35 - 3?
2063
Let p be (-279642)/(-18) + (0 - 1/(-3)). Suppose 24*o - p = 1912. List the prime factors of o.
727
Let b = 279 + -279. What are the prime factors of b - (-2 + 5 + -931)?
2, 29
Suppose 12*b - 9*b + q = 95278, -3*b - 4*q + 95299 = 0. List the prime factors of b.
11, 2887
Let j = 7592 - -2117. List the prime factors of j.
7, 19, 73
Suppose -2*p + 591 = -3*k + 8*k, -2*k + 1142 = 4*p. Let s = -482 + p. Let x = s + 280. List the prime factors of x.
3
Let y(r) = 8*r - 30. Let s = -41 - -69. Suppose -s*k = -27*k - 17. List the prime factors of y(k).
2, 53
Suppose -2*s = -6*d + d + 43, -5*d + 91 = -4*s. Let p be 32/s*300/(-8). List the prime factors of (-292)/(-5) - p/125.
2, 29
Let z = -41958 + 89583. List the prime factors of z.
3, 5, 127
Let n = -867 + 4378. What are the prime factors of n?
3511
Suppose -5*v + 350 = -10*v. Let b = -114 - v. List the prime factors of (2 - b) + (3 - 0).
7
Let r be ((-4)/(-1) - -1)*1. Let y(i) be the third derivative of i**5/30 - i**4/6 - 7*i**3/6 + 10*i**2 - 40. List the prime factors of y(r).
23
Suppose 2*t + 6242 = 3*n, 4*n - 8324 = 6*t - 4*t. List the prime factors of n.
2, 3, 347
Let b(s) = 199*s**2 + 6*s - 7. Let r be b(5). Suppose -16*h + r = -26. What are the prime factors of h?
2, 157
Let c(i) = -42*i - 22. Let u be c(-1). Suppose 0 = u*t - 2468 - 19132. List the prime factors of t.
2, 3, 5
Suppose -4*n + 3484 = t, 98*n + 2*t = 95*n + 2608. List the prime factors of n.
2, 109
Let g = -111 - -11806. What are the prime factors of g?
5, 2339
What are the prime factors of (-1)/(((-57)/38)/(6862 + -1))?
2, 2287
Let j(x) = x**2 + 8*x + 24. Let p(f) = f**3 - 12*f**2 + f - 18. Let b be p(12). Let d be j(b). Suppose 360 = -9*k + d*k. List the prime factors of k.
2, 3, 5
Suppose 0 = -4*q + 3*r + 104397, 58*q = 55*q - 4*r + 78329. What are the prime factors of q?
3, 7, 11, 113
Let j = -64 + 73. Suppose j*o + 33 = 6. List the prime factors of (-604)/(-8) + (o/(-6) - 1).
3, 5
Let c = -347 - -351. Suppose c*o = 2*v - 1916, -9*o + 7*o = -5*v + 4750. What are the prime factors of v?
2, 3, 79
Suppose -2*a = z - 3*z, 3*a - 4*z = 3. Let g(c) = -3*c**2 - 10*c - 5. Let b be g(a). List the prime factors of (-453)/(-7) - 8/(-28) - b.
67
Suppose -3*w + 7*w = 3*g - 129, 0 = -w + 3*g - 30. What are the prime factors of (-32857)/w - 5/3?
2, 7, 71
Let t = -69617 + 103633. What are the prime factors of t?
2, 1063
Suppose 70*c + 76505 = 5*a + 72*c, -c + 15304 = a. What are the prime factors of a?
15299
Let t = -225 - -94. Let n = t - -138. List the prime factors of n.
7
Let j = -9740 - -45292. List the prime factors of j.
2, 11, 101
Let f(y) = -43868*y + 1672. What are the prime factors of f(-1)?
2, 3, 5, 11, 23
Let z(d) = 31*d**2 - 14*d + 34. Let g be z(4). Let b = g - 199. List the prime factors of b.
5, 11
Let w be (6/2)/(90/(-120)). Let a(x) = x**2 + 24*x + 6. Let q(t) = -2*t**2 - 25*t - 7. Let b(d) = w*a(d) - 3*q(d). List the prime factors of b(16).
173
Let b(p) = -6*p**2 - 32*p - 82. Let n(s) = -14*s**2 - 63*s - 161. Let c(j) = 5*b(j) - 3*n(j). What are the prime factors of c(-10)?
983
Suppose -10673 = -4*m + 5*s + 1452, 3038 = m + s. List the prime factors of m.
5, 607
Let a(x) = x**3 - 9*x**2 - 8*x + 5. Let n be a(12). Let o = 672 - n. What are the prime factors of o?
331
Let w(g) = 10*g**2 + 16*g + 149. Let q be w(-15). Suppose -6*z + q = -1081. What are the prime factors of z?
2, 3, 5
Suppose -4 = -4*t, -j - 192 = -3*t + 285. Let k = j - -542. List the prime factors of k.
2, 17
Let i(b) = -13*b + 33. Let q(n) = 170*n - 430. Let s(h) = -40*i(h) - 3*q(h). Suppose -65 = -2*d - 5*f, 4*d - 2*f - 58 + 12 = 0. List the prime factors of s(d).
2, 3, 5
Let u = -1039 + 11584. What are the prime factors of u?
3, 5, 19, 37
Let n = 6839 + -4784. List the prime factors of n.
3, 5, 137
Let g be (-72)/(-27)*(4/(-1) - -7). Suppose -107 = -r - 17. Let b = r + g. List the prime factors of b.
2, 7
Suppose -20*z = 4*z + 24. List the prime factors of z + 4 + (936 - 6).
3, 311
What are the prime factors of 82440/(-27)*30/(-20)?
2, 5, 229
Suppose 4*f - 106341 = -5*q - 2530, 4*f + 83020 = 4*q. List the prime factors of q.
20759
Suppose 1172 + 886 = 6*k. Suppose u = -3*l + k, -3*u - 111 = -l - 5*u. List the prime factors of l.
5, 23
Suppose -4*q = -j - 4, 2*q - 3 = -j + 5. Let a = -28 - j. What are the prime factors of 1/4 - 728/a?
23
Let q(i) = 49*i - 239. Let k be q(5). Suppose k*r - 697 = 1103. List the prime factors of r.
2, 3, 5
Let m(y) = -y**3 - 27*y**2 + 27*y - 25. Let o be m(-28). Let s = -1 - 2. What are the prime factors of -97*o/(-6 - s)?
97
Suppose o + 4*i - 12280 = 33398, 182572 = 4*o - 4*i. List the prime factors of o.
2, 5, 11, 83
Suppose -41*h + 912456 = 122*h - 25*h. List the prime factors of h.
2, 3, 19, 29
Let u(m) = m**2 + 9*m - 6. Let z be u(-10). Let h(v) = -2*v**2 + 34*v + 177. Let a be h(21). Suppose -a*j + z*j = -115. List the prime factors of j.
23
Let h(x) be the second derivative of x**4/6 - 2*x**3 - 7*x**2/2 - x. Let j be h(-10). Suppose -5*d + 2 = -j. What are the prime factors of d?
3, 7
Let t be (38/(-3))/(2/3). Let m(a) = 2*a + 33. Let r be m(t). List the prime factors of ((-348)/30)/(1/r).
2, 29
Let s(x) = 5*x**3 + 25*x**2 + 8*x - 35. Let b(h) = 4*h**3 + 25*h**2 + 9*h - 35. Let c(w) = -4*b(w) + 3*s(w). List the prime factors of c(-25).
5, 67
Let s be (2*173/2)/1. Let k(q) = 9*q - 107. Let w be k(20). Let f = s - w. What are the prime factors of f?
2, 5
Let x(k) = -3*k**3 - 38*k**2 - 6*k - 90. What are the prime factors of x(-19)?
6883
Suppose 81 = 4*x + 3*t + 14, -x + 13 = -3*t. Let f be (-3)/(-7) + 1180/7. Let k = x + f. What are the prime factors of k?
5, 37
Suppose -1736*u - 269308 = -1762*u. What are the prime factors of u?
2, 5179
Suppose 0*t + 11*t = 7249. Let c = 44 + t. List the prime factors of c.
19, 37
Let v = 14790 + -6516. List the prime factors of v.
2, 3, 7, 197
Let r(a) = -4*a**3 - 5*a**2 